 factors of k?
3, 751
Suppose 30668 = 8*z - 1660. What are the prime factors of z?
3, 449
Let p be ((-99)/(-165))/(2/10). Suppose -h + p*g = 0, h + 5*g - 5 = 3*g. Suppose 5*o - 2*k = 478, 73 = -h*o + k + 359. What are the prime factors of o?
2, 47
Let c(q) = 44*q**2 - 2*q - 28. Let d be c(6). Suppose 3*w + 2*k - 3371 = 0, 5*w - 2*k + d - 7157 = 0. What are the prime factors of w?
1123
Let t be 14*((-5)/(-2))/5. Let m(s) = 2*s + s**3 + t - 25*s**2 - 5 + 0*s + 10. List the prime factors of m(25).
2, 31
Let a(d) = 106*d - 9. Let c(n) = -n + 1. Let p(s) = a(s) - 2*c(s). Let f be p(2). Suppose -3*v + 41 = -f. List the prime factors of v.
2, 41
Let q = -676 - -696. Suppose 2*m + 5*p - 7*p - 1342 = 0, 0 = -5*p + q. What are the prime factors of m?
3, 5
Let i be 6/2 + 4*7/28. Suppose -2*f + 7 = j - 1, i*f + 4*j - 8 = 0. What are the prime factors of f?
2, 3
Let j = -2987 + 7426. List the prime factors of j.
23, 193
Let a be 278/(-2)*(-6)/1. Let s = a + -438. What are the prime factors of s?
2, 3, 11
Let p(r) = 16*r - 12. Let h be p(1). Suppose 337 = m - 0*f - h*f, 0 = 2*m - 4*f - 662. What are the prime factors of m?
5, 13
List the prime factors of 7 + ((-99)/(-11) + -639)/(6/(-333)).
2, 7, 1249
Let c = 117 + -111. Suppose -33*o = -31*o - c. Suppose -365 = -o*g - 86. List the prime factors of g.
3, 31
List the prime factors of 0 + 4225 - (155/(-25) + (-164)/205).
2, 23
Let r(q) = -34*q - 4. Let l be r(-4). Let f be (-10)/4*(-13 - 1). Suppose -37*m + l = -f*m. List the prime factors of m.
2, 3, 11
Suppose -5*k - 99*l + 95*l + 160297 = 0, 4*l = 32. What are the prime factors of k?
7, 19, 241
Let y be ((-2624)/12)/4*(-60)/8. Let o = 586 - y. What are the prime factors of o?
2, 11
Suppose -3*s - 4*i = -s - 2, -5*i - 20 = 0. Let m(v) = v - 4. Let j be m(s). Suppose -j*y = -2*f + 106, -f - y - 133 = -4*f. List the prime factors of f.
43
Suppose -249286 + 255673 = -71*j + 2990020. List the prime factors of j.
42023
What are the prime factors of (1 + (-146)/5)/((-2)/20) - -4?
2, 11, 13
Let d = -63049 - -89576. What are the prime factors of d?
41, 647
Suppose 10*q = 30*q + 26383 - 81203. List the prime factors of q.
2741
Suppose 0 = -3*a - 4*n + 51, 2*a - 9*n - 23 = -8*n. Suppose 3591 = 8*m + a*m. What are the prime factors of m?
3, 19
Let x(c) = -c**3 - 8*c**2 - 4*c - 6. Let o be x(-6). Let k = o - -58. Suppose -k*h = -11*h + 77. What are the prime factors of h?
11
Suppose 26*o = 23*o + 5*m + 57747, 4*o + m - 76950 = 0. List the prime factors of o.
3, 11, 53
Let f be (6 + -7)*1/((-3)/(-1404)). Let m = 672 + f. List the prime factors of m.
2, 3, 17
Suppose 5*x - 31 = -3*y, y = -2*x + 12 + 1. Suppose 3*w - 586 = -2*b, -b - 7*w + x*w = -283. List the prime factors of b.
7, 41
Let o(n) = -n + 2*n - 38 + n + 0*n. Let p be o(22). Suppose 11*z - 355 = p*z. List the prime factors of z.
71
List the prime factors of (832/(-12))/(-26)*1/((-2)/(-36270)).
2, 3, 5, 13, 31
Suppose -3*o = -22*s + 20*s - 2, 24 = -2*o - 5*s. List the prime factors of 133 + (-51)/9 + o/(-3).
2
Let y(w) = 3 + 23*w - 22*w + 1 - w**2. Let b be y(0). List the prime factors of (16 - 10)*6/b.
3
Let d = 36 - 34. Suppose -618 = -8*m + d*m. Let p = 164 - m. List the prime factors of p.
61
Let q(s) = 2*s**2 - 4*s - 1. Let f = 22 - 19. Let m be q(f). Suppose 5*h = b - 19, 0 = -m*b - 2*h - 8 + 76. List the prime factors of b.
2, 7
Suppose 2*g = 4*b - 26720, 3*b - 15509 = -4*g + 4520. List the prime factors of b.
6679
Let f = 2219 - -3341. What are the prime factors of f?
2, 5, 139
Let v = -99 - -107. Suppose 343 - 31 = v*z. What are the prime factors of z?
3, 13
Let k(p) = 2*p + 9. Let o(c) = -5. Let t(j) = -6. Let f(d) = -5*o(d) + 4*t(d). Let x(y) = -14*f(y) + 2*k(y). What are the prime factors of x(7)?
2
Let s(v) = 113*v**2 - 16 + 59*v**2 - 114*v**2 + 13*v + 4. What are the prime factors of s(-3)?
3, 157
Suppose -3*t + s + 13651 = -18149, 4*t - 5*s = 42400. What are the prime factors of t?
2, 5, 53
Suppose -38*o - 55 = -43*o. Suppose -1199 = o*s + 264. Let t = 18 - s. What are the prime factors of t?
151
Let j(g) = 343*g**2 + 37*g - 6. What are the prime factors of j(6)?
2, 3, 349
Suppose 6 = -23*i + 25*i. List the prime factors of 2/5 - (14690/(-25) + i).
3, 5, 13
What are the prime factors of (-6)/4*3686596/(-366)?
29, 521
Suppose -4611 = 131*h - 584417. List the prime factors of h.
2, 2213
Suppose -20*u = -43*u - 3381. Let t = 168 + u. What are the prime factors of t?
3, 7
Suppose 0 = 99*m - 10330 + 2311. Let r = 89 - 43. Let k = r + m. What are the prime factors of k?
127
Let a = -133 + 188. Suppose 0 = 47*q - a*q + 120. What are the prime factors of q?
3, 5
What are the prime factors of ((-2)/(-5))/(49/1125530)?
2, 2297
What are the prime factors of 38/(-1197)*18 + 1/((-28)/(-28492))?
3, 113
What are the prime factors of 802568/52 + 60/5?
2, 7723
Let b = 84 + -89. Let x be (40/b)/4 + 30. Let c = 96 - x. What are the prime factors of c?
2, 17
Let n be 2/7 - -2 - (-6)/(-21). Let j be 5/((-10)/30 + n/(-3)). What are the prime factors of (j - 0)*(-168)/40?
3, 7
Let d = -2 + -4. Let c(x) = -38 - 3*x**2 + 9 + 6*x - x**3 + 13. What are the prime factors of c(d)?
2, 7
Let m(y) = 1376*y**2 + 258*y + 1136. List the prime factors of m(-5).
2, 17123
What are the prime factors of (-14)/(1 - -1) - (-2924 + -51)?
2, 7, 53
Let j = -1257 + 2011. Let k = -422 + j. List the prime factors of k.
2, 83
Suppose -32 = -o + 5*o + 5*b, 4*b = 0. Let m(j) = j**3 + 9*j**2 + 4*j + 1. Let c be m(o). Let l = c + 10. What are the prime factors of l?
43
Let o(p) = -p**3 + 12*p**2 - p - 9. Let d be o(12). Let w(y) = y**3 + 20*y**2 - 5*y + 51. Let x be w(d). Let m = x + 431. What are the prime factors of m?
2, 73
Suppose -15*c + 76173 = -55047. What are the prime factors of c?
2, 3
Let y(a) = 211*a - 84. Let b be y(6). Let k = -142 + b. What are the prime factors of k?
2, 5, 13
Let m(b) = -5*b - 15. Let h be m(-3). Suppose 5*z + 3*l - 476 = h, 3*z + 88 = 4*z + 3*l. List the prime factors of z.
97
Let p = 49 - 30. Suppose -4*b + p = -9. Suppose -b*f - 4 = -9*f. What are the prime factors of f?
2
Suppose q = 5*t + 17306, -10*q + 5*t = -15*q + 86530. What are the prime factors of q?
2, 17, 509
Suppose -4*i + 61 = -2*i + 3*h, 3*i + 2*h = 79. Let s = i + -17. Let j(b) = 6*b - 21. List the prime factors of j(s).
3, 5
Suppose -35*d = 19*d - 162008 - 352828. What are the prime factors of d?
2, 3, 7, 227
Suppose -3*d - 4*o - o = 155, -4*o + 63 = -d. Let b = d + 49. What are the prime factors of 4/b + (-772)/(-6)?
2
Suppose y = 2*j - 60007, -3*y - 6 = -5*y. List the prime factors of j.
5, 17, 353
Let f(m) = 7*m + 35. Let j(u) = 13*u + 71. Let v(z) = -11*f(z) + 6*j(z). Let c be v(-30). Suppose c = -4*h + 311. List the prime factors of h.
3, 5
Suppose 2*i + 3*b - 18 = 0, 0 = -3*i - 3*b + 7*b - 7. Suppose 151 - 55 = i*r. Suppose -r*f = -34*f + 24. List the prime factors of f.
2, 3
Suppose -299 = -3*f - 20. Let x be f*(-5 + 68/12). Let j = 159 + x. What are the prime factors of j?
13, 17
What are the prime factors of -62 - -74 - (-2196 - -1)?
2207
Suppose 9*x + 5*q - 20492 = -0*q, -5*x + q = -11392. What are the prime factors of x?
2, 17, 67
Suppose 275 = 5*k - 65. Suppose -2*t + t + k = 0. Let r = t + 20. What are the prime factors of r?
2, 11
Let z be -44*(-4 - -5)*-1. Suppose -d = -4*k - z - 239, d - 319 = -5*k. What are the prime factors of d?
13, 23
Suppose 21854 = 3*h + 17*p - 19*p, -3*h = 4*p - 21830. What are the prime factors of h?
2, 11, 331
Let h(p) = -788*p**3 + 64*p**2 + 261*p + 22. What are the prime factors of h(-4)?
2, 151, 167
Let j(h) = 9*h**2 + 146*h + 4818. List the prime factors of j(-36).
2, 3, 1871
Let g be 8/12*21906/4. Let j = 5297 - g. What are the prime factors of j?
2, 823
Suppose 9*r + 8*r = -11*r + 325108. What are the prime factors of r?
17, 683
Let o = -225 - -225. Suppose o = -3*f - 9, 3*w - 3*f - 12 = 24. What are the prime factors of w?
3
Let w(o) = -o**3 - 19*o**2 - 90*o + 6. What are the prime factors of w(-10)?
2, 3
Suppose -a + 815 = 808. Suppose -1358 = -a*k + 7651. List the prime factors of k.
3, 11, 13
Suppose -80 = -4*k + 3*k. Suppose 2*p = -3*p + k. Suppose -r - p = -36. What are the prime factors of r?
2, 5
Let c(g) = -g**2 - 6*g - 2. Let h be c(-5). Suppose -h*z + 2376 = 687. List the prime factors